 millions digit of 193048442?
9
What is the millions digit of 1131009427?
1
What is the ten thousands digit of 2289563632?
6
What is the ten millions digit of 1553946935?
5
What is the ten thousands digit of 5526096323?
9
What is the hundreds digit of 110579550?
5
What is the hundred millions digit of 1580843893?
5
What is the millions digit of 88816543?
8
What is the units digit of 7668952118?
8
What is the ten millions digit of 342678340?
4
What is the units digit of 6065127528?
8
What is the ten thousands digit of 185249922?
4
What is the units digit of 1102060282?
2
What is the thousands digit of 50632154?
2
What is the hundred millions digit of 266371237?
2
What is the millions digit of 3366950?
3
What is the hundred millions digit of 531061804?
5
What is the billions digit of 5516645073?
5
What is the hundreds digit of 14757836?
8
What is the hundreds digit of 477802219?
2
What is the ten millions digit of 40341702?
4
What is the ten millions digit of 123226173?
2
What is the units digit of 4712585174?
4
What is the hundreds digit of 713568622?
6
What is the hundreds digit of 35359107?
1
What is the hundred millions digit of 583815377?
5
What is the thousands digit of 39193578?
3
What is the thousands digit of 358162843?
2
What is the hundreds digit of 930087986?
9
What is the ten millions digit of 591426690?
9
What is the hundred thousands digit of 191356287?
3
What is the millions digit of 70291855?
0
What is the hundred thousands digit of 30960176?
9
What is the hundreds digit of 31435210?
2
What is the millions digit of 1346911486?
6
What is the hundred thousands digit of 178770388?
7
What is the millions digit of 1315307759?
5
What is the ten millions digit of 16381038?
1
What is the hundreds digit of 633979984?
9
What is the hundred millions digit of 945800292?
9
What is the tens digit of 156321474?
7
What is the ten millions digit of 19016272?
1
What is the hundred millions digit of 1637594998?
6
What is the hundreds digit of 354597305?
3
What is the units digit of 355378733?
3
What is the ten millions digit of 469132657?
6
What is the units digit of 87963371?
1
What is the tens digit of 2814671221?
2
What is the thousands digit of 1981821626?
1
What is the ten millions digit of 24083269?
2
What is the thousands digit of 1767538403?
8
What is the ten millions digit of 52144574?
5
What is the units digit of 119831759?
9
What is the units digit of 4479175614?
4
What is the tens digit of 35378034?
3
What is the tens digit of 4338435710?
1
What is the hundred thousands digit of 248797458?
7
What is the hundred thousands digit of 18262367?
2
What is the hundred thousands digit of 344692910?
6
What is the thousands digit of 127946128?
6
What is the hundreds digit of 113126801?
8
What is the hundred thousands digit of 1221584210?
5
What is the hundred thousands digit of 852893341?
8
What is the millions digit of 21651792?
1
What is the units digit of 38223795?
5
What is the ten millions digit of 260792540?
6
What is the tens digit of 915753491?
9
What is the tens digit of 46615036?
3
What is the hundred thousands digit of 53969714?
9
What is the units digit of 40099310?
0
What is the millions digit of 1071152666?
1
What is the units digit of 2065952784?
4
What is the units digit of 31077095?
5
What is the units digit of 92398722?
2
What is the ten millions digit of 2004558115?
0
What is the billions digit of 1316478240?
1
What is the ten millions digit of 212598548?
1
What is the units digit of 116466828?
8
What is the ten thousands digit of 46153165?
5
What is the tens digit of 307375540?
4
What is the thousands digit of 999815350?
5
What is the hundred millions digit of 2526698777?
5
What is the millions digit of 74681433?
4
What is the hundred thousands digit of 32843477?
8
What is the millions digit of 3967666572?
7
What is the ten thousands digit of 36168851?
6
What is the ten millions digit of 397714375?
9
What is the hundred millions digit of 203411420?
2
What is the units digit of 94872871?
1
What is the millions digit of 113042316?
3
What is the hundreds digit of 51373604?
6
What is the ten millions digit of 65895714?
6
What is the ten millions digit of 34007438?
3
What is the ten thousands digit of 38328658?
2
What is the hundreds digit of 1488805967?
9
What is the units digit of 52425124?
4
What is the thousands digit of 26189965?
9
What is the millions digit of 92197794?
2
What is the tens digit of 4139199480?
8
What is the thousands digit of 53597346?
7
What is the millions digit of 56216577?
6
What is the tens digit of 230865138?
3
What is the hundred thousands digit of 4280396787?
3
What is the thousands digit of 6468714722?
4
What is the millions digit of 719213934?
9
What is the hundreds digit of 2570545800?
8
What is the thousands digit of 14123372?
3
What is the ten thousands digit of 1424679316?
7
What is the tens digit of 14089712?
1
What is the units digit of 32423072?
2
What is the thousands digit of 41752594?
2
What is the millions digit of 49131841?
9
What is the hundred millions digit of 2125286123?
1
What is the thousands digit of 1955549044?
9
What is the hundreds digit of 19203688?
6
What is the units digit of 3206207112?
2
What is the billions digit of 3104749500?
3
What is the millions digit of 1091001597?
1
What is the thousands digit of 16524278?
4
What is the tens digit of 931830717?
1
What is the millions digit of 3630289210?
0
What is the hundred millions digit of 1282645933?
2
What is the ten millions digit of 322013194?
2
What is the ten thousands digit of 42020609?
2
What is the units digit of 51491070?
0
What is the thousands digit of 138974261?
4
What is the hundreds digit of 879411377?
3
What is the thousands digit of 458826941?
6
What is the ten millions digit of 91384346?
9
What is the tens digit of 57151641?
4
What is the tens digit of 1715673218?
1
What is the thousands digit of 168242368?
2
What is the hundred millions digit of 1126753812?
1
What is the millions digit of 141827470?
1
What is the hundreds digit of 9368616?
6
What is the ten millions digit of 638153820?
3
What is the units digit of 449868188?
8
What is the units digit of 1049760563?
3
What is the ten millions digit of 1168727284?
6
What is the tens digit of 48150679?
7
What is the units digit of 575946?
6
What is the hundred thousands digit of 3332394894?
3
What is the ten thousands digit of 166621193?
2
What is the thousands digit of 776221701?
1
What is the ten millions digit of 21867330?
2
What is the millions digit of 1069508810?
9
What is the hundred thousands digit of 8934860?
9
What is the units digit of 5231544465?
5
What is the hundred thousands digit of 257837657?
8
What is the ten millions digit of 70372280?
7
What is the millions digit of 67158140?
7
What is the ten thousands digit of 4255743011?
4
What is the units digit of 2057134855?
5
What is the units digit of 1782997413?
3
What is the thousands digit of 54648940?
8
What is the hundred millions digit of 5270061226?
2
What is the hundred thousands digit of 5682760336?
7
What is the thousands digit of 393859723?
9
What is the ten millions digit of 35486679?
3
What is the units digit of 196188905?
5
What is the tens digit of 2492237103?
0
What is the ten thousands digit of 9521465?
2
What is the units digit of 57331177?
7
What is the thousands digit of 782220267?
0
What is the tens digit of 538374603?
0
What is the thousands digit of 170708838?
8
What is the ten millions digit of 891909789?
9
What is the hundreds digit of 4319667275?
2
What is the ten thousands digit of 906779667?
7
What is the hundred thousands digit of 247196770?
1
What is the billions digit of 6836050047?
6
What is the hundred millions digit of 938990451?
9
What is the tens digit of 1304717888?
8
What is the hundred thousands digit of 2257166144?
1
What is the tens digit of 2256407509?
0
What is the tens digit of 31106687?
8
What is the units digit of 1397026573?
3
What is the hundreds digit of 348133806?
8
What is the units digit of 151040620?
0
What is the ten thousands digit of 2653688679?
8
What is the tens digit of 5257293926?
2
What is the millions digit of 1194515543?
4
What is the ten millions digit of 267858916?
6
What is the billions digit of 1378880899?
1
What is the tens digit